mainder when 3840 is divided by 46?
22
What is the remainder when 108 is divided by 23?
16
Calculate the remainder when 1534 is divided by 64.
62
Calculate the remainder when 359 is divided by 162.
35
What is the remainder when 2784 is divided by 213?
15
What is the remainder when 58 is divided by 16?
10
What is the remainder when 967 is divided by 137?
8
Calculate the remainder when 60 is divided by 55.
5
What is the remainder when 28 is divided by 15?
13
What is the remainder when 81 is divided by 18?
9
Calculate the remainder when 1569 is divided by 131.
128
What is the remainder when 8397 is divided by 17?
16
What is the remainder when 176 is divided by 13?
7
What is the remainder when 808 is divided by 9?
7
Calculate the remainder when 293 is divided by 7.
6
Calculate the remainder when 16717 is divided by 16.
13
Calculate the remainder when 78 is divided by 3.
0
What is the remainder when 36 is divided by 33?
3
What is the remainder when 74 is divided by 20?
14
What is the remainder when 6973 is divided by 10?
3
What is the remainder when 2263 is divided by 22?
19
Calculate the remainder when 3588 is divided by 1187.
27
What is the remainder when 112 is divided by 34?
10
What is the remainder when 1001 is divided by 266?
203
What is the remainder when 14165 is divided by 154?
151
Calculate the remainder when 354 is divided by 89.
87
What is the remainder when 119 is divided by 25?
19
Calculate the remainder when 128 is divided by 22.
18
What is the remainder when 1329 is divided by 37?
34
Calculate the remainder when 864 is divided by 260.
84
Calculate the remainder when 238 is divided by 60.
58
Calculate the remainder when 1342 is divided by 112.
110
What is the remainder when 22 is divided by 2?
0
What is the remainder when 1126 is divided by 47?
45
What is the remainder when 218 is divided by 111?
107
What is the remainder when 250 is divided by 6?
4
Calculate the remainder when 8697 is divided by 150.
147
Calculate the remainder when 99 is divided by 9.
0
Calculate the remainder when 395 is divided by 108.
71
Calculate the remainder when 78 is divided by 29.
20
Calculate the remainder when 17387 is divided by 47.
44
Calculate the remainder when 1152 is divided by 34.
30
What is the remainder when 767 is divided by 212?
131
What is the remainder when 3347 is divided by 17?
15
What is the remainder when 2311 is divided by 27?
16
What is the remainder when 362 is divided by 62?
52
What is the remainder when 681 is divided by 57?
54
What is the remainder when 154 is divided by 52?
50
Calculate the remainder when 96 is divided by 52.
44
What is the remainder when 1282 is divided by 36?
22
What is the remainder when 628 is divided by 79?
75
Calculate the remainder when 285 is divided by 6.
3
What is the remainder when 243 is divided by 66?
45
Calculate the remainder when 59 is divided by 24.
11
Calculate the remainder when 764 is divided by 24.
20
Calculate the remainder when 1303 is divided by 32.
23
What is the remainder when 167 is divided by 21?
20
Calculate the remainder when 1026 is divided by 250.
26
What is the remainder when 931 is divided by 22?
7
Calculate the remainder when 496 is divided by 166.
164
Calculate the remainder when 1115 is divided by 26.
23
Calculate the remainder when 248 is divided by 37.
26
Calculate the remainder when 143 is divided by 21.
17
What is the remainder when 111 is divided by 2?
1
Calculate the remainder when 216 is divided by 16.
8
Calculate the remainder when 720 is divided by 36.
0
Calculate the remainder when 14 is divided by 11.
3
What is the remainder when 169 is divided by 43?
40
What is the remainder when 287 is divided by 42?
35
Calculate the remainder when 37 is divided by 7.
2
Calculate the remainder when 269 is divided by 30.
29
Calculate the remainder when 158 is divided by 24.
14
Calculate the remainder when 4339 is divided by 13.
10
Calculate the remainder when 828 is divided by 230.
138
What is the remainder when 538 is divided by 119?
62
Calculate the remainder when 10587 is divided by 86.
9
What is the remainder when 10 is divided by 2?
0
Calculate the remainder when 144 is divided by 49.
46
What is the remainder when 383 is divided by 145?
93
What is the remainder when 370 is divided by 369?
1
What is the remainder when 154 is divided by 33?
22
Calculate the remainder when 1402 is divided by 16.
10
What is the remainder when 517 is divided by 151?
64
What is the remainder when 27 is divided by 9?
0
Calculate the remainder when 77 is divided by 40.
37
What is the remainder when 387 is divided by 78?
75
Calculate the remainder when 2001 is divided by 14.
13
Calculate the remainder when 577 is divided by 29.
26
What is the remainder when 431 is divided by 212?
7
Calculate the remainder when 287 is divided by 9.
8
What is the remainder when 300 is divided by 57?
15
Calculate the remainder when 191 is divided by 97.
94
What is the remainder when 419 is divided by 20?
19
Calculate the remainder when 107 is divided by 37.
33
Calculate the remainder when 886 is divided by 54.
22
Calculate the remainder when 102 is divided by 13.
11
Calculate the remainder when 858 is divided by 316.
226
Calculate the remainder when 345 is divided by 175.
170
What is the remainder when 6934 is divided by 9?
4
What is the remainder when 22489 is divided by 17?
15
Calculate the remainder when 455 is divided by 155.
145
Calculate the remainder when 20 is divided by 6.
2
Calculate the remainder when 425 is divided by 96.
41
Calculate the remainder when 165 is divided by 25.
15
What is the remainder when 184 is divided by 63?
58
What is the remainder when 538 is divided by 45?
43
Calculate the remainder when 760 is divided by 75.
10
Calculate the remainder when 351 is divided by 158.
35
What is the remainder when 910 is divided by 153?
145
Calculate the remainder when 3711 is divided by 116.
115
What is the remainder when 475 is divided by 189?
97
What is the remainder when 912 is divided by 58?
42
What is the remainder when 19779 is divided by 46?
45
Calculate the remainder when 11005 is divided by 109.
105
Calculate the remainder when 9707 is divided by 9.
5
Calculate the remainder when 647 is divided by 24.
23
Calculate the remainder when 645 is divided by 43.
0
Calculate the remainder when 6452 is divided by 54.
26
Calculate the remainder when 316 is divided by 42.
22
What is the remainder when 1026 is divided by 32?
2
What is the remainder when 492 is divided by 236?
20
Calculate the remainder when 346 is divided by 12.
10
Calculate the remainder when 67 is divided by 10.
7
What is the remainder when 316 is divided by 76?
12
Calculate the remainder when 1962 is divided by 75.
12
What is the remainder when 186 is divided by 170?
16
Calculate the remainder when 428 is divided by 16.
12
What is the remainder when 1396 is divided by 100?
96
Calculate the remainder when 346 is divided by 22.
16
What is the remainder when 45 is divided by 5?
0
What is the remainder when 952 is divided by 110?
72
What is the remainder when 110 is divided by 62?
48
What is the remainder when 32 is divided by 21?
11
Calculate the remainder when 83 is divided by 13.
5
Calculate the remainder when 921 is divided by 132.
129
What is the remainder when 392 is divided by 131?
130
What is the remainder when 9555 is divided by 28?
7
What is the remainder when 2365 is divided by 37?
34
Calculate the remainder when 312 is divided by 29.
22
Calculate the remainder when 595 is divided by 268.
59
What is the remainder when 507 is divided by 19?
13
What is the remainder when 42 is divided by 38?
4
What is the remainder when 551 is divided by 44?
23
Calculate the remainder when 757 is divided by 170.
77
Calculate the remainder when 123 is divided by 55.
13
What is the remainder when 473 is divided by 14?
11
What is the remainder when 672 is divided by 114?
102
Calculate the remainder when 2042 is divided by 1019.
4
What is the remainder when 273 is divided by 116?
41
What is the remainder when 235 is divided by 55?
15
Calculate the remainder when 163 is divided by 161.
2
Calculate the remainder when 2066 is divided by 188.
186
What is the remainder when 752 is divided by 207?
131
Calculate the remainder when 134 is divided by 32.
6
Calculat